{"id":642,"date":"2025-05-07T16:47:13","date_gmt":"2025-05-07T14:47:13","guid":{"rendered":"https:\/\/www.sinnoia.fr\/?page_id=642"},"modified":"2025-05-07T19:04:07","modified_gmt":"2025-05-07T17:04:07","slug":"experience","status":"publish","type":"page","link":"https:\/\/www.sinnoia.fr\/index.php\/experience\/","title":{"rendered":"Experience"},"content":{"rendered":"\t\t<div data-elementor-type=\"wp-page\" data-elementor-id=\"642\" class=\"elementor elementor-642\">\n\t\t\t\t<div class=\"elementor-element elementor-element-2ec31bd7 e-flex e-con-boxed e-con e-parent\" data-id=\"2ec31bd7\" data-element_type=\"container\">\n\t\t\t\t\t<div class=\"e-con-inner\">\n\t\t\t\t<div class=\"elementor-element elementor-element-188791ac elementor-widget elementor-widget-text-editor\" data-id=\"188791ac\" data-element_type=\"widget\" data-widget_type=\"text-editor.default\">\n\t\t\t\t<div class=\"elementor-widget-container\">\n\t\t\t\t\t\t\t\t\t<h2 style=\"text-align: center;\">Mon parcours pour vous accompagner<\/h2>\n<p style=\"text-align: center;\">Un expertise au service de votre transformation num\u00e9rique<\/p>\n<div>\u00a0<\/div>\n<div class=\"experience-container\">\n<div class=\"experience-block\">\u00a0<\/div>\n<p><!-- Les deux autres blocs sont identiques, ins\u00e9rables sur demande --><\/p>\n<\/div>\t\t\t\t\t\t\t\t<\/div>\n\t\t\t\t<\/div>\n\t\t\t\t\t<\/div>\n\t\t\t\t<\/div>\n\t\t<div class=\"elementor-element elementor-element-343faea e-grid e-con-boxed e-con e-parent\" data-id=\"343faea\" data-element_type=\"container\">\n\t\t\t\t\t<div class=\"e-con-inner\">\n\t\t\t\t<div class=\"elementor-element elementor-element-62d62db elementor-widget elementor-widget-text-editor\" data-id=\"62d62db\" data-element_type=\"widget\" data-widget_type=\"text-editor.default\">\n\t\t\t\t<div class=\"elementor-widget-container\">\n\t\t\t\t\t\t\t\t\t<p><img decoding=\"async\" class=\"size-full wp-image-652 aligncenter\" src=\"https:\/\/www.sinnoia.fr\/wp-content\/uploads\/2025\/05\/Capture-decran-2025-05-07-171739.png\" alt=\"\" width=\"237\" height=\"160\" \/><\/p>\n<p style=\"text-align: center;\"><b>Expertise comptable (09\/2023-03\/2025)<\/b><\/p>\n<p style=\"text-align: center;\"><b>Directeur des syst\u00e8mes d&rsquo;information <\/b><\/p>\n<p style=\"text-align: center;\">Cabinet d&rsquo;expertise comptable \u2013 150 employ\u00e9s \u2013 4 sites<\/p>\n<p style=\"text-align: center;\">\ud83c\udf96\ufe0fPilotage de la transformation digitale du cabinet<\/p>\t\t\t\t\t\t\t\t<\/div>\n\t\t\t\t<\/div>\n\t\t\t\t<div class=\"elementor-element elementor-element-fe9a460 elementor-widget elementor-widget-text-editor\" data-id=\"fe9a460\" data-element_type=\"widget\" data-widget_type=\"text-editor.default\">\n\t\t\t\t<div class=\"elementor-widget-container\">\n\t\t\t\t\t\t\t\t\t<p><img decoding=\"async\" class=\"alignnone size-full wp-image-653 aligncenter\" src=\"https:\/\/www.sinnoia.fr\/wp-content\/uploads\/2025\/05\/Capture-decran-2025-05-07-171941.png\" alt=\"\" width=\"231\" height=\"157\" \/><\/p>\n<p style=\"text-align: center;\"><b>Naval de d\u00e9fense (04\/2022 &#8211; 09\/2023)<\/b><\/p>\n<p style=\"text-align: center;\"><b>Chef de projet innovation digitale puis Responsable des syst\u00e8mes d&rsquo;information<\/b><\/p>\n<p style=\"text-align: center;\">Industrie navale de d\u00e9fense<\/p>\n<p style=\"text-align: center;\">\ud83c\udf96\ufe0fPilotage des projets de digitalisation du chantier<\/p>\t\t\t\t\t\t\t\t<\/div>\n\t\t\t\t<\/div>\n\t\t\t\t<div class=\"elementor-element elementor-element-0927a34 elementor-widget elementor-widget-text-editor\" data-id=\"0927a34\" data-element_type=\"widget\" data-widget_type=\"text-editor.default\">\n\t\t\t\t<div class=\"elementor-widget-container\">\n\t\t\t\t\t\t\t\t\t<p><img decoding=\"async\" class=\"aligncenter\" src=\"https:\/\/www.sinnoia.fr\/wp-content\/uploads\/2025\/05\/Capture-decran-2025-05-07-171954.png\" alt=\"\" width=\"233\" height=\"164\" \/><\/p>\n<p style=\"text-align: center;\"><b>Industrie agroalimentaire et distribution B2B \/ B2C (2008 \u2013 2021)<\/b><\/p>\n<p style=\"text-align: center;\"><b>Directeur des syst\u00e8mes d&rsquo;information<\/b><\/p>\n<p style=\"text-align: center;\">\ud83c\udf96\ufe0fMaintien en condition op\u00e9rationnelle du SI 7j\/7j &#8211; 24h\/24<\/p>\n<p style=\"text-align: center;\"><span style=\"font-variant-ligatures: inherit; font-variant-caps: inherit;\">\ud83c\udf96\ufe0f<\/span>D\u00e9ploiement de l&rsquo;ERP\/MES\u00a0 VIF<\/p>\n<p style=\"text-align: center;\"><span style=\"font-variant-ligatures: inherit; font-variant-caps: inherit;\">\ud83c\udf96\ufe0f<\/span>Construction d&rsquo;applications sur mesure<\/p>\t\t\t\t\t\t\t\t<\/div>\n\t\t\t\t<\/div>\n\t\t\t\t<div class=\"elementor-element elementor-element-a9d98b4 elementor-widget elementor-widget-text-editor\" data-id=\"a9d98b4\" data-element_type=\"widget\" data-widget_type=\"text-editor.default\">\n\t\t\t\t<div class=\"elementor-widget-container\">\n\t\t\t\t\t\t\t\t\t<p><img loading=\"lazy\" decoding=\"async\" class=\"size-full wp-image-655 aligncenter\" src=\"https:\/\/www.sinnoia.fr\/wp-content\/uploads\/2025\/05\/Capture-decran-2025-05-07-172023.png\" alt=\"\" width=\"246\" height=\"153\" \/><\/p>\n<p style=\"text-align: center;\"><b>Etablissement bancaire (2001- 2008)<\/b><\/p>\n<p style=\"text-align: center;\"><b>Responsable des syst\u00e8mes d&rsquo;information<\/b><\/p>\n<p style=\"text-align: center;\">\ud83c\udf96\ufe0fMigration du SI de la filiale vers le SI groupe<\/p>\t\t\t\t\t\t\t\t<\/div>\n\t\t\t\t<\/div>\n\t\t\t\t\t<\/div>\n\t\t\t\t<\/div>\n\t\t<div class=\"elementor-element elementor-element-482ddee e-flex e-con-boxed e-con e-parent\" data-id=\"482ddee\" data-element_type=\"container\">\n\t\t\t\t\t<div class=\"e-con-inner\">\n\t\t\t\t<div class=\"elementor-element elementor-element-aea7619 elementor-widget elementor-widget-heading\" data-id=\"aea7619\" data-element_type=\"widget\" data-widget_type=\"heading.default\">\n\t\t\t\t<div class=\"elementor-widget-container\">\n\t\t\t\t\t<h2 class=\"elementor-heading-title elementor-size-default\">Mes comp\u00e9tences cl\u00e9s<br><\/h2>\t\t\t\t<\/div>\n\t\t\t\t<\/div>\n\t\t\t\t\t<\/div>\n\t\t\t\t<\/div>\n\t\t<div class=\"elementor-element elementor-element-1beb418 e-grid e-con-boxed e-con e-parent\" data-id=\"1beb418\" data-element_type=\"container\">\n\t\t\t\t\t<div class=\"e-con-inner\">\n\t\t\t\t<div class=\"elementor-element elementor-element-9fe81fa elementor-widget elementor-widget-text-editor\" data-id=\"9fe81fa\" data-element_type=\"widget\" data-widget_type=\"text-editor.default\">\n\t\t\t\t<div class=\"elementor-widget-container\">\n\t\t\t\t\t\t\t\t\t<h4 style=\"text-align: center;\"><b>Exp\u00e9rience<\/b><\/h4>\n<p>Culture terrain d\u00e9velopp\u00e9e avec plus d&rsquo;une centaine de projets pilot\u00e9s (ERP, Data, infra, cybers\u00e9curit\u00e9) men\u00e9s dans des contextes exigeants .<\/p>\t\t\t\t\t\t\t\t<\/div>\n\t\t\t\t<\/div>\n\t\t\t\t<div class=\"elementor-element elementor-element-ae206a9 elementor-widget elementor-widget-text-editor\" data-id=\"ae206a9\" data-element_type=\"widget\" data-widget_type=\"text-editor.default\">\n\t\t\t\t<div class=\"elementor-widget-container\">\n\t\t\t\t\t\t\t\t\t<h4><b>Compr\u00e9hension de votre m\u00e9tier<\/b><\/h4>\n<p>Aptitude \u00e0 relier les enjeux m\u00e9tiers aux solutions technologiques<\/p>\t\t\t\t\t\t\t\t<\/div>\n\t\t\t\t<\/div>\n\t\t\t\t<div class=\"elementor-element elementor-element-47b79ce elementor-widget elementor-widget-text-editor\" data-id=\"47b79ce\" data-element_type=\"widget\" data-widget_type=\"text-editor.default\">\n\t\t\t\t<div class=\"elementor-widget-container\">\n\t\t\t\t\t\t\t\t\t<h4><b>Veille Active<\/b><\/h4>\n<p>En veille active sur les innovations digitales pour proposer de nouvelles perspectives.<\/p>\t\t\t\t\t\t\t\t<\/div>\n\t\t\t\t<\/div>\n\t\t\t\t<div class=\"elementor-element elementor-element-70bae13 elementor-widget elementor-widget-text-editor\" data-id=\"70bae13\" data-element_type=\"widget\" data-widget_type=\"text-editor.default\">\n\t\t\t\t<div class=\"elementor-widget-container\">\n\t\t\t\t\t\t\t\t\t<h4><b>M\u00e9thodologie<\/b><\/h4>\n<p>M\u00e9thodologie progressive, collaborative et guid\u00e9e par la valeur: faire \u00e9merger les projets les plus utiles et les plus porteurs d\u2019impact<\/p>\t\t\t\t\t\t\t\t<\/div>\n\t\t\t\t<\/div>\n\t\t\t\t\t<\/div>\n\t\t\t\t<\/div>\n\t\t\t\t<\/div>\n\t\t","protected":false},"excerpt":{"rendered":"<p>Mon parcours pour vous accompagner Un expertise au service de votre transformation num\u00e9rique \u00a0 \u00a0 Expertise comptable (09\/2023-03\/2025) Directeur des syst\u00e8mes d&rsquo;information Cabinet d&rsquo;expertise comptable \u2013 150 employ\u00e9s \u2013 4 sites \ud83c\udf96\ufe0fPilotage de la transformation digitale du cabinet Naval de d\u00e9fense (04\/2022 &#8211; 09\/2023) Chef de projet innovation digitale puis Responsable des syst\u00e8mes d&rsquo;information Industrie [&hellip;]<\/p>\n","protected":false},"author":1,"featured_media":0,"parent":0,"menu_order":0,"comment_status":"closed","ping_status":"closed","template":"","meta":{"footnotes":""},"class_list":["post-642","page","type-page","status-publish","hentry"],"blocksy_meta":[],"_links":{"self":[{"href":"https:\/\/www.sinnoia.fr\/index.php\/wp-json\/wp\/v2\/pages\/642","targetHints":{"allow":["GET"]}}],"collection":[{"href":"https:\/\/www.sinnoia.fr\/index.php\/wp-json\/wp\/v2\/pages"}],"about":[{"href":"https:\/\/www.sinnoia.fr\/index.php\/wp-json\/wp\/v2\/types\/page"}],"author":[{"embeddable":true,"href":"https:\/\/www.sinnoia.fr\/index.php\/wp-json\/wp\/v2\/users\/1"}],"replies":[{"embeddable":true,"href":"https:\/\/www.sinnoia.fr\/index.php\/wp-json\/wp\/v2\/comments?post=642"}],"version-history":[{"count":34,"href":"https:\/\/www.sinnoia.fr\/index.php\/wp-json\/wp\/v2\/pages\/642\/revisions"}],"predecessor-version":[{"id":687,"href":"https:\/\/www.sinnoia.fr\/index.php\/wp-json\/wp\/v2\/pages\/642\/revisions\/687"}],"wp:attachment":[{"href":"https:\/\/www.sinnoia.fr\/index.php\/wp-json\/wp\/v2\/media?parent=642"}],"curies":[{"name":"wp","href":"https:\/\/api.w.org\/{rel}","templated":true}]}}